{"id":2388,"date":"2025-03-06T09:15:54","date_gmt":"2025-03-06T12:15:54","guid":{"rendered":"https:\/\/lucaspets.cl\/?post_type=product&#038;p=2388"},"modified":"2025-10-21T15:56:33","modified_gmt":"2025-10-21T18:56:33","slug":"nomade-adulto-razas-pequelnas-10-kg","status":"publish","type":"product","link":"https:\/\/lucaspets.cl\/index.php\/product\/nomade-adulto-razas-pequelnas-10-kg\/","title":{"rendered":"NOMADE ADULTO RAZAS PEQUE\u00d1AS 10 KG"},"content":{"rendered":"<p><img loading=\"lazy\" decoding=\"async\" class=\" wp-image-2405 alignright\" src=\"https:\/\/lucaspets.cl\/wp-content\/uploads\/2025\/03\/Captura-de-pantalla-2025-03-06-a-las-17.54.42-164x300.png\" alt=\"\" width=\"295\" height=\"540\" srcset=\"https:\/\/lucaspets.cl\/wp-content\/uploads\/2025\/03\/Captura-de-pantalla-2025-03-06-a-las-17.54.42-164x300.png 164w, https:\/\/lucaspets.cl\/wp-content\/uploads\/2025\/03\/Captura-de-pantalla-2025-03-06-a-las-17.54.42.png 290w\" sizes=\"auto, (max-width: 295px) 100vw, 295px\" \/><strong style=\"font-family: var(--global-body-font-family);\">INGREDIENTES<br \/>\n<\/strong><span style=\"font-family: var(--global-body-font-family);\">Harina de carne y hueso origen cerdo\/vacuno y \/o ave, Ma\u00edz, Arroz, Harinilla de trigo, Harina de soya, Aceite de ave y\/o cerdo y\/o vacuno, Harinilla de arroz, Hidrolizado de h\u00edgado de vacuno y\/o cerdo y\/o ave, Pulpa de remolacha, Colorante natural de caramelo en polvo, Sal (cloruro de sodio), Zeolita (anti micotoxinas), Omega, 3 (origen salm\u00f3n), XPC Diamond V Mills USA (cultivo de levaduras), Hexametafosfato de Sodio (protector de enc\u00edas), Extracto de Yucca \/Quillay, Maqui deshidratado, Zinc org\u00e1nico, Manano Oligosac\u00e1ridos (MOS), Antioxidante natural (Extracto de romero y tocoferoles), VITAMINAS; A, D3, B1, B6, Niacina, Colina, Pantotenato de Calcio y Acido f\u00f3lico MINERALES; Calcio, F\u00f3sforo, Hierro, Zinc, Cobre, Manganeso, Sodio, Cloro y Selenio.<\/span><\/p>\n","protected":false},"excerpt":{"rendered":"<p>N\u00f3made es un alimento para perros adultos de razas peque\u00f1as desarrollado por expertos en nutrici\u00f3n animal.<br \/>\nUn alimento que excede los requerimientos nutricionales de perros adultos, a\u00fan de las razas m\u00e1s exigentes, proporcionando una dieta sana y equilibrada para una vida plena, feliz y en movimiento.<\/p>\n","protected":false},"featured_media":2389,"template":"","meta":{"_kadence_starter_templates_imported_post":false,"_kad_post_transparent":"default","_kad_post_title":"","_kad_post_layout":"default","_kad_post_sidebar_id":"","_kad_post_content_style":"default","_kad_post_vertical_padding":"default","_kad_post_feature":"","_kad_post_feature_position":"","_kad_post_header":false,"_kad_post_footer":false},"product_brand":[],"product_cat":[28],"product_tag":[],"class_list":{"0":"post-2388","1":"product","2":"type-product","3":"status-publish","4":"has-post-thumbnail","6":"product_cat-alimento-de-perro","8":"first","9":"instock","10":"sale","11":"shipping-taxable","12":"purchasable","13":"product-type-simple","14":"entry","15":"content-bg","16":"loop-entry"},"_links":{"self":[{"href":"https:\/\/lucaspets.cl\/index.php\/wp-json\/wp\/v2\/product\/2388","targetHints":{"allow":["GET"]}}],"collection":[{"href":"https:\/\/lucaspets.cl\/index.php\/wp-json\/wp\/v2\/product"}],"about":[{"href":"https:\/\/lucaspets.cl\/index.php\/wp-json\/wp\/v2\/types\/product"}],"wp:featuredmedia":[{"embeddable":true,"href":"https:\/\/lucaspets.cl\/index.php\/wp-json\/wp\/v2\/media\/2389"}],"wp:attachment":[{"href":"https:\/\/lucaspets.cl\/index.php\/wp-json\/wp\/v2\/media?parent=2388"}],"wp:term":[{"taxonomy":"product_brand","embeddable":true,"href":"https:\/\/lucaspets.cl\/index.php\/wp-json\/wp\/v2\/product_brand?post=2388"},{"taxonomy":"product_cat","embeddable":true,"href":"https:\/\/lucaspets.cl\/index.php\/wp-json\/wp\/v2\/product_cat?post=2388"},{"taxonomy":"product_tag","embeddable":true,"href":"https:\/\/lucaspets.cl\/index.php\/wp-json\/wp\/v2\/product_tag?post=2388"}],"curies":[{"name":"wp","href":"https:\/\/api.w.org\/{rel}","templated":true}]}}