{"id":2552,"date":"2025-07-07T16:02:19","date_gmt":"2025-07-07T19:02:19","guid":{"rendered":"https:\/\/lucaspets.cl\/?post_type=product&#038;p=2552"},"modified":"2025-07-07T16:13:02","modified_gmt":"2025-07-07T19:13:02","slug":"alimento-para-perros-adulto-18-kg","status":"publish","type":"product","link":"https:\/\/lucaspets.cl\/index.php\/product\/alimento-para-perros-adulto-18-kg\/","title":{"rendered":"SUPERPET ALIMENTO PARA PERROS ADULTO 18 KG"},"content":{"rendered":"<p>Prote\u00edna Cruda (m\u00edn.)\u2026\u2026\u2026\u2026\u2026\u2026\u2026\u2026\u2026\u2026\u2026\u2026\u2026\u2026\u2026\u2026\u2026\u2026\u2026\u2026\u2026\u2026\u2026\u2026\u2026\u2026\u2026\u2026\u2026\u202622 %<br \/>\nGrasa Cruda (m\u00edn)\u2026\u2026\u2026\u2026\u2026\u2026\u2026\u2026\u2026\u2026\u2026\u2026\u2026\u2026\u2026\u2026\u2026\u2026\u2026\u2026\u2026\u2026\u2026\u2026\u2026\u2026\u2026\u2026\u2026\u2026\u2026\u2026..8 %<br \/>\nHumedad (m\u00e1x)\u2026\u2026\u2026\u2026\u2026\u2026\u2026\u2026\u2026\u2026\u2026\u2026\u2026\u2026\u2026\u2026\u2026\u2026\u2026\u2026\u2026\u2026\u2026\u2026\u2026\u2026\u2026\u2026\u2026\u2026\u2026\u2026\u2026.11 %<br \/>\nFibra Cruda (m\u00e1x)\u2026\u2026\u2026\u2026\u2026\u2026\u2026\u2026\u2026\u2026\u2026\u2026\u2026\u2026\u2026\u2026\u2026\u2026\u2026\u2026\u2026\u2026\u2026\u2026\u2026\u2026\u2026\u2026\u2026\u2026\u2026\u2026..4 %<br \/>\nEnerg\u00eda Metabolizable (m\u00edn)\u2026\u2026\u2026\u2026\u2026\u2026\u2026\u2026\u2026\u2026\u2026\u2026\u2026\u2026\u2026\u2026\u2026\u2026\u2026.3.200 Kcal\/Kg<\/p>\n<p><strong>Alimento completo para Perros Adultos<\/strong><br \/>\nPara que tu perro se mantenga sano y lleno de energ\u00eda es esencial una nutrici\u00f3n completa y balanceada. Superpet\u00ae\ufe0f Adulto le brinda los nutrientes esenciales para un pelaje brillante, piel saludable y un sistema inmunol\u00f3gico fuerte. Una alimentaci\u00f3n de calidad no solo se traduce en un aspecto f\u00edsico saludable, sino que tambi\u00e9n optimiza su salud en general. Invertir en una nutrici\u00f3n de calidad es invertir en su felicidad y longevidad.<\/p>\n","protected":false},"excerpt":{"rendered":"<p><strong>INGREDIENTES:<\/strong><br \/>\nMa\u00edz, Harina de Carne1, Salvado de Trigo, Harina de Soya, Arroz, Aceite de Ave y\/o Soya, Prote\u00ednas animales hidrolizadas, Cloruro de Sodio, Minerales Org\u00e1nicos e Inorg\u00e1nicos (Zinc, Hierro, Cobre, Manganeso, Yodo y Selenio), Zeolita, Preservante, Aceite de Pescado, Colina, Pared celular de levadura, Vitaminas (A, D3, E, B1, B2, B3, B5, B6, B9 y B12), Hexametafosfato s\u00f3dico, Extracto de achicoria (Fuente de Inulina), Antioxidantes, Colorante Caf\u00e9, Extracto de Yucca Schidigera y\/o Quillay, Esencia de Carne.<\/p>\n","protected":false},"featured_media":2553,"template":"","meta":{"_kadence_starter_templates_imported_post":false,"_kad_post_transparent":"default","_kad_post_title":"","_kad_post_layout":"default","_kad_post_sidebar_id":"","_kad_post_content_style":"default","_kad_post_vertical_padding":"default","_kad_post_feature":"","_kad_post_feature_position":"","_kad_post_header":false,"_kad_post_footer":false},"product_brand":[],"product_cat":[28],"product_tag":[],"class_list":{"0":"post-2552","1":"product","2":"type-product","3":"status-publish","4":"has-post-thumbnail","6":"product_cat-alimento-de-perro","8":"first","9":"instock","10":"shipping-taxable","11":"purchasable","12":"product-type-simple","13":"entry","14":"content-bg","15":"loop-entry"},"_links":{"self":[{"href":"https:\/\/lucaspets.cl\/index.php\/wp-json\/wp\/v2\/product\/2552","targetHints":{"allow":["GET"]}}],"collection":[{"href":"https:\/\/lucaspets.cl\/index.php\/wp-json\/wp\/v2\/product"}],"about":[{"href":"https:\/\/lucaspets.cl\/index.php\/wp-json\/wp\/v2\/types\/product"}],"wp:featuredmedia":[{"embeddable":true,"href":"https:\/\/lucaspets.cl\/index.php\/wp-json\/wp\/v2\/media\/2553"}],"wp:attachment":[{"href":"https:\/\/lucaspets.cl\/index.php\/wp-json\/wp\/v2\/media?parent=2552"}],"wp:term":[{"taxonomy":"product_brand","embeddable":true,"href":"https:\/\/lucaspets.cl\/index.php\/wp-json\/wp\/v2\/product_brand?post=2552"},{"taxonomy":"product_cat","embeddable":true,"href":"https:\/\/lucaspets.cl\/index.php\/wp-json\/wp\/v2\/product_cat?post=2552"},{"taxonomy":"product_tag","embeddable":true,"href":"https:\/\/lucaspets.cl\/index.php\/wp-json\/wp\/v2\/product_tag?post=2552"}],"curies":[{"name":"wp","href":"https:\/\/api.w.org\/{rel}","templated":true}]}}